Last updated on 2023-03-25 19:54:01 CET.
Flavor | Version | Tinstall | Tcheck | Ttotal | Status | Flags |
---|---|---|---|---|---|---|
r-devel-linux-x86_64-debian-clang | 0.1.0 | 7.09 | 177.07 | 184.16 | NOTE | |
r-devel-linux-x86_64-debian-gcc | 0.1.0 | 6.07 | 126.97 | 133.04 | NOTE | |
r-devel-linux-x86_64-fedora-gcc | 0.1.0 | 698.77 | NOTE | |||
r-devel-windows-x86_64 | 0.1.0 | 19.00 | 602.00 | 621.00 | NOTE | |
r-patched-linux-x86_64 | 0.1.0 | 7.13 | 576.36 | 583.49 | NOTE | |
r-release-linux-x86_64 | 0.1.0 | 7.31 | 168.39 | 175.70 | NOTE | |
r-release-macos-arm64 | 0.1.0 | 48.00 | NOTE | |||
r-release-macos-x86_64 | 0.1.0 | 107.00 | NOTE | |||
r-release-windows-x86_64 | 0.1.0 | 28.00 | 198.00 | 226.00 | NOTE | |
r-oldrel-macos-arm64 | 0.1.0 | 58.00 | NOTE | |||
r-oldrel-macos-x86_64 | 0.1.0 | 103.00 | NOTE | |||
r-oldrel-windows-ix86+x86_64 | 0.1.0 | 18.00 | 660.00 | 678.00 | NOTE |
Version: 0.1.0
Check: LazyData
Result: NOTE
'LazyData' is specified without a 'data' directory
Flavors: r-devel-linux-x86_64-debian-clang, r-devel-linux-x86_64-debian-gcc, r-devel-linux-x86_64-fedora-gcc, r-devel-windows-x86_64, r-patched-linux-x86_64, r-release-linux-x86_64, r-release-macos-arm64, r-release-macos-x86_64, r-release-windows-x86_64, r-oldrel-macos-arm64, r-oldrel-macos-x86_64, r-oldrel-windows-ix86+x86_64