Last updated on 2023-01-28 08:00:31 CET.
Flavor | Version | Tinstall | Tcheck | Ttotal | Status | Flags |
---|---|---|---|---|---|---|
r-devel-linux-x86_64-debian-clang | 1.0-11 | 1.89 | 31.24 | 33.13 | OK | |
r-devel-linux-x86_64-debian-gcc | 1.0-11 | 1.64 | 23.96 | 25.60 | OK | |
r-devel-linux-x86_64-fedora-clang | 1.0-11 | 43.54 | NOTE | |||
r-devel-linux-x86_64-fedora-gcc | 1.0-11 | 41.06 | OK | |||
r-devel-windows-x86_64 | 1.0-11 | 13.00 | 61.00 | 74.00 | OK | |
r-patched-linux-x86_64 | 1.0-11 | 2.47 | 30.67 | 33.14 | OK | |
r-release-linux-x86_64 | 1.0-11 | 2.19 | 30.44 | 32.63 | OK | |
r-release-macos-arm64 | 1.0-11 | 17.00 | OK | |||
r-release-macos-x86_64 | 1.0-11 | 24.00 | OK | |||
r-release-windows-x86_64 | 1.0-11 | 5.00 | 53.00 | 58.00 | OK | |
r-oldrel-macos-arm64 | 1.0-11 | 17.00 | OK | |||
r-oldrel-macos-x86_64 | 1.0-11 | 23.00 | OK | |||
r-oldrel-windows-ix86+x86_64 | 1.0-11 | 6.00 | 49.00 | 55.00 | OK |
Version: 1.0-11
Check: Rd cross-references
Result: NOTE
Undeclared package ‘DEoptim’ in Rd xrefs
Flavor: r-devel-linux-x86_64-fedora-clang