CRAN Package Check Results for Package DChaos

Last updated on 2022-12-07 19:52:59 CET.

Flavor Version Tinstall Tcheck Ttotal Status Flags
r-devel-linux-x86_64-debian-clang 0.1-6 5.93 38.98 44.91 NOTE
r-devel-linux-x86_64-debian-gcc 0.1-6 4.03 30.61 34.64 NOTE
r-devel-linux-x86_64-fedora-clang 0.1-6 69.19 NOTE
r-devel-linux-x86_64-fedora-gcc 0.1-6 63.73 NOTE
r-devel-windows-x86_64 0.1-6 13.00 74.00 87.00 NOTE
r-patched-linux-x86_64 0.1-6 5.64 36.14 41.78 NOTE
r-release-linux-x86_64 0.1-6 5.25 37.23 42.48 NOTE
r-release-macos-arm64 0.1-6 20.00 NOTE
r-release-macos-x86_64 0.1-6 26.00 NOTE
r-release-windows-x86_64 0.1-6 12.00 71.00 83.00 NOTE
r-oldrel-macos-arm64 0.1-6 23.00 NOTE
r-oldrel-macos-x86_64 0.1-6 42.00 NOTE
r-oldrel-windows-ix86+x86_64 0.1-6 10.00 59.00 69.00 NOTE

Check Details

Version: 0.1-6
Check: LazyData
Result: NOTE
     'LazyData' is specified without a 'data' directory
Flavors: r-devel-linux-x86_64-debian-clang, r-devel-linux-x86_64-debian-gcc, r-devel-linux-x86_64-fedora-clang, r-devel-linux-x86_64-fedora-gcc, r-devel-windows-x86_64, r-patched-linux-x86_64, r-release-linux-x86_64, r-release-macos-arm64, r-release-macos-x86_64, r-release-windows-x86_64, r-oldrel-macos-arm64, r-oldrel-macos-x86_64, r-oldrel-windows-ix86+x86_64