CRAN Package Check Results for Package DBItest

Last updated on 2022-08-12 20:48:58 CEST.

Flavor Version Tinstall Tcheck Ttotal Status Flags
r-devel-linux-x86_64-debian-clang 1.7.2 25.92 73.42 99.34 NOTE
r-devel-linux-x86_64-debian-gcc 1.7.2 17.42 54.29 71.71 NOTE
r-devel-linux-x86_64-fedora-clang 1.7.2 131.26 NOTE
r-devel-linux-x86_64-fedora-gcc 1.7.2 129.03 NOTE
r-devel-windows-x86_64 1.7.2 32.00 94.00 126.00 NOTE
r-patched-linux-x86_64 1.7.2 27.92 67.65 95.57 NOTE
r-release-linux-x86_64 1.7.2 15.10 68.70 83.80 NOTE
r-release-macos-arm64 1.7.2 38.00 NOTE
r-release-macos-x86_64 1.7.2 74.00 NOTE
r-release-windows-x86_64 1.7.2 51.00 103.00 154.00 NOTE
r-oldrel-macos-arm64 1.7.2 32.00 NOTE
r-oldrel-macos-x86_64 1.7.2 51.00 NOTE
r-oldrel-windows-ix86+x86_64 1.7.2 43.00 92.00 135.00 NOTE

Check Details

Version: 1.7.2
Check: package dependencies
Result: NOTE
    Package suggested but not available for checking: 'dblog'
Flavors: r-devel-linux-x86_64-debian-clang, r-devel-linux-x86_64-debian-gcc, r-devel-linux-x86_64-fedora-clang, r-devel-linux-x86_64-fedora-gcc, r-devel-windows-x86_64, r-patched-linux-x86_64, r-release-linux-x86_64, r-release-macos-arm64, r-release-macos-x86_64, r-release-windows-x86_64, r-oldrel-macos-arm64, r-oldrel-macos-x86_64, r-oldrel-windows-ix86+x86_64