CRAN Package Check Results for Package Cubist

Last updated on 2022-08-14 20:50:49 CEST.

Flavor Version Tinstall Tcheck Ttotal Status Flags
r-devel-linux-x86_64-debian-clang 0.4.0 15.40 48.35 63.75 OK
r-devel-linux-x86_64-debian-gcc 0.4.0 12.96 37.77 50.73 OK
r-devel-linux-x86_64-fedora-clang 0.4.0 90.74 NOTE
r-devel-linux-x86_64-fedora-gcc 0.4.0 87.61 OK
r-devel-windows-x86_64 0.4.0 40.00 87.00 127.00 OK
r-patched-linux-x86_64 0.4.0 13.45 47.47 60.92 OK
r-release-linux-x86_64 0.4.0 14.90 47.03 61.93 OK
r-release-macos-arm64 0.4.0 32.00 OK
r-release-macos-x86_64 0.4.0 42.00 OK
r-release-windows-x86_64 0.4.0 43.00 86.00 129.00 OK
r-oldrel-macos-arm64 0.4.0 29.00 OK
r-oldrel-macos-x86_64 0.4.0 40.00 OK
r-oldrel-windows-ix86+x86_64 0.4.0 59.00 85.00 144.00 OK

Check Details

Version: 0.4.0
Check: Rd cross-references
Result: NOTE
    Undeclared package ‘caret’ in Rd xrefs
Flavor: r-devel-linux-x86_64-fedora-clang