CRAN Package Check Results for Package CryptRndTest

Last updated on 2022-12-07 19:52:58 CET.

Flavor Version Tinstall Tcheck Ttotal Status Flags
r-devel-linux-x86_64-debian-clang 1.2.7 11.06 114.05 125.11 OK
r-devel-linux-x86_64-debian-gcc 1.2.7 9.76 84.06 93.82 OK
r-devel-linux-x86_64-fedora-clang 1.2.7 170.95 NOTE
r-devel-linux-x86_64-fedora-gcc 1.2.7 171.24 OK
r-devel-windows-x86_64 1.2.7 37.00 178.00 215.00 OK
r-patched-linux-x86_64 1.2.7 10.11 108.58 118.69 OK
r-release-linux-x86_64 1.2.7 11.55 107.73 119.28 OK
r-release-macos-arm64 1.2.7 44.00 OK
r-release-macos-x86_64 1.2.7 70.00 OK
r-release-windows-x86_64 1.2.7 27.00 189.00 216.00 OK
r-oldrel-macos-arm64 1.2.7 43.00 OK
r-oldrel-macos-x86_64 1.2.7 60.00 OK
r-oldrel-windows-ix86+x86_64 1.2.7 26.00 152.00 178.00 OK

Check Details

Version: 1.2.7
Check: Rd cross-references
Result: NOTE
    Undeclared package ‘copula’ in Rd xrefs
Flavor: r-devel-linux-x86_64-fedora-clang