Last updated on 2023-03-28 08:54:46 CEST.
Flavor | Version | Tinstall | Tcheck | Ttotal | Status | Flags |
---|---|---|---|---|---|---|
r-devel-linux-x86_64-debian-clang | 0.0.1 | 7.63 | 89.91 | 97.54 | NOTE | |
r-devel-linux-x86_64-debian-gcc | 0.0.1 | 6.47 | 67.33 | 73.80 | NOTE | |
r-devel-linux-x86_64-fedora-clang | 0.0.1 | 122.20 | NOTE | |||
r-devel-linux-x86_64-fedora-gcc | 0.0.1 | 132.48 | NOTE | |||
r-devel-windows-x86_64 | 0.0.1 | 29.00 | 129.00 | 158.00 | NOTE | |
r-patched-linux-x86_64 | 0.0.1 | 6.76 | 84.35 | 91.11 | NOTE | |
r-release-linux-x86_64 | 0.0.1 | 8.85 | 87.76 | 96.61 | NOTE | |
r-release-macos-arm64 | 0.0.1 | 44.00 | NOTE | |||
r-release-macos-x86_64 | 0.0.1 | 74.00 | NOTE | |||
r-release-windows-x86_64 | 0.0.1 | 28.00 | 132.00 | 160.00 | NOTE | |
r-oldrel-macos-arm64 | 0.0.1 | 75.00 | NOTE | |||
r-oldrel-macos-x86_64 | 0.0.1 | 76.00 | NOTE | |||
r-oldrel-windows-ix86+x86_64 | 0.0.1 | 21.00 | 123.00 | 144.00 | NOTE |
Version: 0.0.1
Check: LazyData
Result: NOTE
'LazyData' is specified without a 'data' directory
Flavors: r-devel-linux-x86_64-debian-clang, r-devel-linux-x86_64-debian-gcc, r-devel-linux-x86_64-fedora-clang, r-devel-linux-x86_64-fedora-gcc, r-devel-windows-x86_64, r-patched-linux-x86_64, r-release-linux-x86_64, r-release-macos-arm64, r-release-macos-x86_64, r-release-windows-x86_64, r-oldrel-macos-arm64, r-oldrel-macos-x86_64, r-oldrel-windows-ix86+x86_64