CRAN Package Check Results for Package ChannelAttributionApp

Last updated on 2022-09-28 08:51:14 CEST.

Flavor Version Tinstall Tcheck Ttotal Status Flags
r-devel-linux-x86_64-debian-clang 1.3 6.20 66.77 72.97 NOTE
r-devel-linux-x86_64-debian-gcc 1.3 5.38 48.10 53.48 NOTE
r-devel-linux-x86_64-fedora-clang 1.3 100.66 NOTE
r-devel-linux-x86_64-fedora-gcc 1.3 92.55 NOTE
r-devel-windows-x86_64 1.3 35.00 90.00 125.00 NOTE
r-patched-linux-x86_64 1.3 6.93 59.94 66.87 NOTE
r-release-linux-x86_64 1.3 5.33 59.56 64.89 NOTE
r-release-macos-arm64 1.3 26.00 NOTE
r-release-macos-x86_64 1.3 48.00 NOTE
r-release-windows-x86_64 1.3 30.00 84.00 114.00 NOTE
r-oldrel-macos-arm64 1.3 30.00 NOTE
r-oldrel-macos-x86_64 1.3 56.00 NOTE
r-oldrel-windows-ix86+x86_64 1.3 18.00 88.00 106.00 NOTE

Check Details

Version: 1.3
Check: LazyData
Result: NOTE
     'LazyData' is specified without a 'data' directory
Flavors: r-devel-linux-x86_64-debian-clang, r-devel-linux-x86_64-debian-gcc, r-devel-linux-x86_64-fedora-clang, r-devel-linux-x86_64-fedora-gcc, r-devel-windows-x86_64, r-patched-linux-x86_64, r-release-linux-x86_64, r-release-macos-arm64, r-release-macos-x86_64, r-release-windows-x86_64, r-oldrel-macos-arm64, r-oldrel-macos-x86_64, r-oldrel-windows-ix86+x86_64