CRAN Package Check Results for Package ChannelAttribution

Last updated on 2022-08-16 08:54:15 CEST.

Flavor Version Tinstall Tcheck Ttotal Status Flags
r-devel-linux-x86_64-debian-clang 2.0.5 30.56 29.40 59.96 WARN
r-devel-linux-x86_64-debian-gcc 2.0.5 24.37 22.97 47.34 OK
r-devel-linux-x86_64-fedora-clang 2.0.5 85.97 WARN
r-devel-linux-x86_64-fedora-gcc 2.0.5 92.96 OK
r-devel-windows-x86_64 2.0.5 37.00 73.00 110.00 OK
r-patched-linux-x86_64 2.0.5 28.42 28.84 57.26 OK
r-release-linux-x86_64 2.0.5 28.22 28.75 56.97 OK
r-release-macos-arm64 2.0.5 26.00 OK
r-release-macos-x86_64 2.0.5 33.00 OK
r-release-windows-x86_64 2.0.5 40.00 76.00 116.00 OK
r-oldrel-macos-arm64 2.0.5 26.00 OK
r-oldrel-macos-x86_64 2.0.5 35.00 OK
r-oldrel-windows-ix86+x86_64 2.0.5 72.00 80.00 152.00 OK

Additional issues

clang14

Check Details

Version: 2.0.5
Check: whether package can be installed
Result: WARN
    Found the following significant warnings:
     ChannelAttribution.cpp:694:9: warning: use of bitwise '&' with boolean operands [-Wbitwise-instead-of-logical]
     ChannelAttribution.cpp:696:15: warning: use of bitwise '&' with boolean operands [-Wbitwise-instead-of-logical]
Flavors: r-devel-linux-x86_64-debian-clang, r-devel-linux-x86_64-fedora-clang