CRAN Package Check Results for Package CARBayesdata

Last updated on 2022-08-16 08:54:15 CEST.

Flavor Version Tinstall Tcheck Ttotal Status Flags
r-devel-linux-x86_64-debian-clang 3.0 3.34 34.01 37.35 OK
r-devel-linux-x86_64-debian-gcc 3.0 2.42 26.09 28.51 OK
r-devel-linux-x86_64-fedora-clang 3.0 54.19 NOTE
r-devel-linux-x86_64-fedora-gcc 3.0 55.72 NOTE
r-devel-windows-x86_64 3.0 18.00 58.00 76.00 OK
r-patched-linux-x86_64 3.0 3.39 32.94 36.33 OK
r-release-linux-x86_64 3.0 3.23 32.47 35.70 OK
r-release-macos-arm64 3.0 20.00 NOTE
r-release-macos-x86_64 3.0 26.00 NOTE
r-release-windows-x86_64 3.0 17.00 58.00 75.00 OK
r-oldrel-macos-arm64 3.0 21.00 NOTE
r-oldrel-macos-x86_64 3.0 25.00 NOTE
r-oldrel-windows-ix86+x86_64 3.0 9.00 58.00 67.00 OK

Check Details

Version: 3.0
Check: data for non-ASCII characters
Result: NOTE
     Note: found 1 marked UTF-8 string
Flavors: r-devel-linux-x86_64-fedora-clang, r-devel-linux-x86_64-fedora-gcc, r-release-macos-arm64, r-release-macos-x86_64, r-oldrel-macos-arm64, r-oldrel-macos-x86_64