CRAN Package Check Results for Package CARBayesST

Last updated on 2022-10-04 20:53:35 CEST.

Flavor Version Tinstall Tcheck Ttotal Status Flags
r-devel-linux-x86_64-debian-clang 3.3 101.31 284.46 385.77 OK
r-devel-linux-x86_64-debian-gcc 3.3 75.19 207.74 282.93 OK
r-devel-linux-x86_64-fedora-clang 3.3 488.52 OK
r-devel-linux-x86_64-fedora-gcc 3.3 499.76 OK
r-devel-windows-x86_64 3.3 91.00 326.00 417.00 OK
r-patched-linux-x86_64 3.3 84.98 263.29 348.27 OK
r-release-linux-x86_64 3.3 60.74 264.60 325.34 OK
r-release-macos-arm64 3.3 190.00 NOTE
r-release-macos-x86_64 3.3 252.00 NOTE
r-release-windows-x86_64 3.3 103.00 322.00 425.00 OK
r-oldrel-macos-arm64 3.3 185.00 NOTE
r-oldrel-macos-x86_64 3.3 243.00 NOTE
r-oldrel-windows-ix86+x86_64 3.3 174.00 359.00 533.00 OK

Check Details

Version: 3.3
Check: installed package size
Result: NOTE
     installed size is 7.8Mb
     sub-directories of 1Mb or more:
     libs 5.9Mb
Flavors: r-release-macos-arm64, r-release-macos-x86_64, r-oldrel-macos-arm64, r-oldrel-macos-x86_64