CRAN Package Check Results for Package CARBayesST

Last updated on 2023-10-02 20:11:55 CEST.

Flavor Version Tinstall Tcheck Ttotal Status Flags
r-devel-linux-x86_64-debian-clang 3.3.1 99.08 290.67 389.75 OK
r-devel-linux-x86_64-debian-gcc 3.3.1 76.19 209.89 286.08 OK
r-devel-linux-x86_64-fedora-clang 3.3.1 474.50 OK
r-devel-linux-x86_64-fedora-gcc 3.3.1 489.87 OK
r-devel-windows-x86_64 3.3.1 69.00 260.00 329.00 OK
r-patched-linux-x86_64 3.3.1 95.31 277.26 372.57 OK
r-release-linux-x86_64 3.3.1 84.98 276.42 361.40 OK
r-release-macos-arm64 3.3.1 139.00 NOTE
r-release-macos-x86_64 3.3.1 242.00 NOTE
r-release-windows-x86_64 3.3.1 93.00 315.00 408.00 OK
r-oldrel-macos-arm64 3.3.1 117.00 NOTE
r-oldrel-macos-x86_64 3.3.1 165.00 NOTE
r-oldrel-windows-x86_64 3.3.1 88.00 282.00 370.00 OK

Check Details

Version: 3.3.1
Check: installed package size
Result: NOTE
     installed size is 7.9Mb
     sub-directories of 1Mb or more:
     libs 6.0Mb
Flavors: r-release-macos-arm64, r-release-macos-x86_64, r-oldrel-macos-arm64, r-oldrel-macos-x86_64