CRAN Package Check Results for Package BuyseTest

Last updated on 2022-11-30 06:53:24 CET.

Flavor Version Tinstall Tcheck Ttotal Status Flags
r-devel-linux-x86_64-debian-clang 2.3.11 116.00 324.50 440.50 OK
r-devel-linux-x86_64-debian-gcc 2.3.11 98.89 225.89 324.78 OK
r-devel-linux-x86_64-fedora-clang 2.3.11 535.42 OK
r-devel-linux-x86_64-fedora-gcc 2.3.11 556.54 OK
r-devel-windows-x86_64 2.3.11 145.00 145.00 290.00 OK --no-examples --no-tests --no-vignettes
r-patched-linux-x86_64 2.3.11 109.98 281.98 391.96 OK
r-release-linux-x86_64 2.3.11 100.22 278.00 378.22 OK
r-release-macos-arm64 2.3.11 134.00 NOTE
r-release-macos-x86_64 2.3.11 201.00 NOTE
r-release-windows-x86_64 2.3.11 111.00 137.00 248.00 OK --no-examples --no-tests --no-vignettes
r-oldrel-macos-arm64 2.3.11 119.00 NOTE
r-oldrel-macos-x86_64 2.3.11 148.00 NOTE
r-oldrel-windows-ix86+x86_64 2.3.11 258.00 170.00 428.00 OK --no-examples --no-tests --no-vignettes

Check Details

Version: 2.3.11
Check: installed package size
Result: NOTE
     installed size is 8.3Mb
     sub-directories of 1Mb or more:
     libs 6.7Mb
Flavors: r-release-macos-arm64, r-release-macos-x86_64, r-oldrel-macos-arm64, r-oldrel-macos-x86_64