Last updated on 2023-09-22 20:51:47 CEST.
Flavor | Version | Tinstall | Tcheck | Ttotal | Status | Flags |
---|---|---|---|---|---|---|
r-devel-linux-x86_64-debian-clang | 0.1.1 | 12.32 | 88.98 | 101.30 | NOTE | |
r-devel-linux-x86_64-debian-gcc | 0.1.1 | 8.67 | 72.54 | 81.21 | NOTE | |
r-devel-linux-x86_64-fedora-clang | 0.1.1 | 128.52 | NOTE | |||
r-devel-linux-x86_64-fedora-gcc | 0.1.1 | 160.06 | NOTE | |||
r-devel-windows-x86_64 | 0.1.1 | 11.00 | 86.00 | 97.00 | NOTE | |
r-patched-linux-x86_64 | 0.1.1 | 9.46 | 92.71 | 102.17 | NOTE | |
r-release-linux-x86_64 | 0.1.1 | 10.20 | 92.59 | 102.79 | NOTE | |
r-release-macos-arm64 | 0.1.1 | 53.00 | NOTE | |||
r-release-macos-x86_64 | 0.1.1 | 84.00 | NOTE | |||
r-release-windows-x86_64 | 0.1.1 | 14.00 | 100.00 | 114.00 | NOTE | |
r-oldrel-macos-arm64 | 0.1.1 | 42.00 | NOTE | |||
r-oldrel-macos-x86_64 | 0.1.1 | 86.00 | NOTE | |||
r-oldrel-windows-x86_64 | 0.1.1 | 14.00 | 103.00 | 117.00 | NOTE |
Version: 0.1.1
Check: LazyData
Result: NOTE
'LazyData' is specified without a 'data' directory
Flavors: r-devel-linux-x86_64-debian-clang, r-devel-linux-x86_64-debian-gcc, r-devel-linux-x86_64-fedora-clang, r-devel-linux-x86_64-fedora-gcc, r-devel-windows-x86_64, r-patched-linux-x86_64, r-release-linux-x86_64, r-release-macos-arm64, r-release-macos-x86_64, r-release-windows-x86_64, r-oldrel-macos-arm64, r-oldrel-macos-x86_64, r-oldrel-windows-x86_64