Last updated on 2023-02-04 19:58:02 CET.
Flavor | Version | Tinstall | Tcheck | Ttotal | Status | Flags |
---|---|---|---|---|---|---|
r-devel-linux-x86_64-debian-clang | 0.1.4 | 62.65 | 122.28 | 184.93 | NOTE | |
r-devel-linux-x86_64-debian-gcc | 0.1.4 | 44.17 | 90.98 | 135.15 | NOTE | |
r-devel-linux-x86_64-fedora-clang | 0.1.4 | 249.01 | NOTE | |||
r-devel-linux-x86_64-fedora-gcc | 0.1.4 | 225.06 | NOTE | |||
r-devel-windows-x86_64 | 0.1.4 | 82.00 | 164.00 | 246.00 | NOTE | |
r-patched-linux-x86_64 | 0.1.4 | 49.91 | 116.92 | 166.83 | OK | |
r-release-linux-x86_64 | 0.1.4 | 47.46 | 121.30 | 168.76 | OK | |
r-release-macos-arm64 | 0.1.4 | 59.00 | NOTE | |||
r-release-macos-x86_64 | 0.1.4 | 125.00 | NOTE | |||
r-release-windows-x86_64 | 0.1.4 | 63.00 | 175.00 | 238.00 | OK | |
r-oldrel-macos-arm64 | 0.1.4 | 46.00 | NOTE | |||
r-oldrel-macos-x86_64 | 0.1.4 | 79.00 | NOTE | |||
r-oldrel-windows-ix86+x86_64 | 0.1.4 | 137.00 | 193.00 | 330.00 | OK |
Version: 0.1.4
Check: C++ specification
Result: NOTE
Specified C++11: please update to current default of C++17
Flavors: r-devel-linux-x86_64-debian-clang, r-devel-linux-x86_64-debian-gcc, r-devel-linux-x86_64-fedora-clang, r-devel-linux-x86_64-fedora-gcc, r-devel-windows-x86_64
Version: 0.1.4
Check: dependencies in R code
Result: NOTE
Namespace in Imports field not imported from: ‘Rcpp’
All declared Imports should be used.
Flavors: r-devel-linux-x86_64-fedora-clang, r-devel-linux-x86_64-fedora-gcc, r-release-macos-arm64, r-release-macos-x86_64, r-oldrel-macos-arm64, r-oldrel-macos-x86_64