CRAN Package Check Results for Package AzureStor

Last updated on 2022-12-05 07:53:35 CET.

Flavor Version Tinstall Tcheck Ttotal Status Flags
r-devel-linux-x86_64-debian-clang 3.7.0 5.63 51.42 57.05 OK
r-devel-linux-x86_64-debian-gcc 3.7.0 5.15 39.51 44.66 OK
r-devel-linux-x86_64-fedora-clang 3.7.0 87.53 NOTE
r-devel-linux-x86_64-fedora-gcc 3.7.0 90.95 NOTE
r-devel-windows-x86_64 3.7.0 80.00 87.00 167.00 OK
r-patched-linux-x86_64 3.7.0 12.64 47.63 60.27 OK
r-release-linux-x86_64 3.7.0 5.07 45.47 50.54 OK
r-release-macos-arm64 3.7.0 27.00 NOTE
r-release-macos-x86_64 3.7.0 33.00 NOTE
r-release-windows-x86_64 3.7.0 69.00 84.00 153.00 OK
r-oldrel-macos-arm64 3.7.0 28.00 NOTE
r-oldrel-macos-x86_64 3.7.0 36.00 NOTE
r-oldrel-windows-ix86+x86_64 3.7.0 13.00 71.00 84.00 OK

Check Details

Version: 3.7.0
Check: dependencies in R code
Result: NOTE
    Namespace in Imports field not imported from: ‘R6’
     All declared Imports should be used.
Flavors: r-devel-linux-x86_64-fedora-clang, r-devel-linux-x86_64-fedora-gcc, r-release-macos-arm64, r-release-macos-x86_64, r-oldrel-macos-arm64, r-oldrel-macos-x86_64