CRAN Package Check Results for Package AovBay

Last updated on 2022-12-03 07:56:30 CET.

Flavor Version Tinstall Tcheck Ttotal Status Flags
r-devel-linux-x86_64-debian-clang 0.1.0 139.72 185.88 325.60 NOTE
r-devel-linux-x86_64-debian-gcc 0.1.0 124.34 142.15 266.49 NOTE
r-devel-linux-x86_64-fedora-clang 0.1.0 441.62 NOTE
r-devel-linux-x86_64-fedora-gcc 0.1.0 464.53 NOTE
r-devel-windows-x86_64 0.1.0 109.00 238.00 347.00 NOTE
r-patched-linux-x86_64 0.1.0 125.12 181.61 306.73 NOTE
r-release-linux-x86_64 0.1.0 139.96 181.34 321.30 NOTE
r-release-macos-arm64 0.1.0 110.00 NOTE
r-release-macos-x86_64 0.1.0 186.00 NOTE
r-release-windows-x86_64 0.1.0 110.00 240.00 350.00 NOTE
r-oldrel-macos-arm64 0.1.0 129.00 NOTE
r-oldrel-macos-x86_64 0.1.0 142.00 NOTE
r-oldrel-windows-ix86+x86_64 0.1.0 320.00 284.00 604.00 NOTE

Check Details

Version: 0.1.0
Check: for GNU extensions in Makefiles
Result: NOTE
    GNU make is a SystemRequirements.
Flavors: r-devel-linux-x86_64-debian-clang, r-devel-linux-x86_64-debian-gcc, r-devel-linux-x86_64-fedora-clang, r-devel-linux-x86_64-fedora-gcc, r-devel-windows-x86_64, r-patched-linux-x86_64, r-release-linux-x86_64, r-release-macos-arm64, r-release-macos-x86_64, r-release-windows-x86_64, r-oldrel-macos-arm64, r-oldrel-macos-x86_64, r-oldrel-windows-ix86+x86_64

Version: 0.1.0
Check: package dependencies
Result: NOTE
    Imports includes 22 non-default packages.
    Importing from so many packages makes the package vulnerable to any of
    them becoming unavailable. Move as many as possible to Suggests and
    use conditionally.
Flavor: r-devel-linux-x86_64-fedora-clang

Version: 0.1.0
Check: dependencies in R code
Result: NOTE
    Namespace in Imports field not imported from: ‘RcppParallel’
     All declared Imports should be used.
Flavors: r-devel-linux-x86_64-fedora-clang, r-devel-linux-x86_64-fedora-gcc, r-release-macos-arm64, r-release-macos-x86_64, r-oldrel-macos-arm64, r-oldrel-macos-x86_64

Version: 0.1.0
Check: installed package size
Result: NOTE
     installed size is 33.2Mb
     sub-directories of 1Mb or more:
     libs 32.9Mb
Flavors: r-release-macos-arm64, r-release-macos-x86_64, r-oldrel-macos-arm64, r-oldrel-macos-x86_64