Last updated on 2023-03-22 19:53:19 CET.
Flavor | Version | Tinstall | Tcheck | Ttotal | Status | Flags |
---|---|---|---|---|---|---|
r-devel-linux-x86_64-debian-clang | 0.1.0 | 5.48 | 49.34 | 54.82 | NOTE | |
r-devel-linux-x86_64-debian-gcc | 0.1.0 | 4.20 | 37.43 | 41.63 | NOTE | |
r-devel-linux-x86_64-fedora-clang | 0.1.0 | 69.23 | NOTE | |||
r-devel-linux-x86_64-fedora-gcc | 0.1.0 | 64.81 | NOTE | |||
r-devel-windows-x86_64 | 0.1.0 | 43.00 | 74.00 | 117.00 | NOTE | |
r-patched-linux-x86_64 | 0.1.0 | 4.38 | 48.94 | 53.32 | OK | |
r-release-linux-x86_64 | 0.1.0 | 4.71 | 48.80 | 53.51 | OK | |
r-release-macos-arm64 | 0.1.0 | 25.00 | OK | |||
r-release-macos-x86_64 | 0.1.0 | 35.00 | OK | |||
r-release-windows-x86_64 | 0.1.0 | 27.00 | 76.00 | 103.00 | OK | |
r-oldrel-macos-arm64 | 0.1.0 | 30.00 | OK | |||
r-oldrel-macos-x86_64 | 0.1.0 | 52.00 | OK | |||
r-oldrel-windows-ix86+x86_64 | 0.1.0 | 14.00 | 73.00 | 87.00 | OK |
Version: 0.1.0
Check: package subdirectories
Result: NOTE
Problems with news in ‘NEWS.md’:
No news entries found.
Flavors: r-devel-linux-x86_64-debian-clang, r-devel-linux-x86_64-debian-gcc, r-devel-linux-x86_64-fedora-clang, r-devel-linux-x86_64-fedora-gcc, r-devel-windows-x86_64