Last updated on 2023-03-22 19:53:19 CET.
Flavor | Version | Tinstall | Tcheck | Ttotal | Status | Flags |
---|---|---|---|---|---|---|
r-devel-linux-x86_64-debian-clang | 0.1.0 | 6.77 | 56.38 | 63.15 | NOTE | |
r-devel-linux-x86_64-debian-gcc | 0.1.0 | 5.81 | 44.61 | 50.42 | NOTE | |
r-devel-linux-x86_64-fedora-clang | 0.1.0 | 85.56 | NOTE | |||
r-devel-linux-x86_64-fedora-gcc | 0.1.0 | 74.71 | NOTE | |||
r-devel-windows-x86_64 | 0.1.0 | 44.00 | 96.00 | 140.00 | NOTE | |
r-patched-linux-x86_64 | 0.1.0 | 7.46 | 56.75 | 64.21 | NOTE | |
r-release-linux-x86_64 | 0.1.0 | 7.44 | 56.87 | 64.31 | NOTE | |
r-release-macos-arm64 | 0.1.0 | 27.00 | NOTE | |||
r-release-macos-x86_64 | 0.1.0 | 39.00 | NOTE | |||
r-release-windows-x86_64 | 0.1.0 | 26.00 | 88.00 | 114.00 | NOTE | |
r-oldrel-macos-arm64 | 0.1.0 | 35.00 | NOTE | |||
r-oldrel-macos-x86_64 | 0.1.0 | 45.00 | NOTE | |||
r-oldrel-windows-ix86+x86_64 | 0.1.0 | 18.00 | 87.00 | 105.00 | NOTE |
Version: 0.1.0
Check: LazyData
Result: NOTE
'LazyData' is specified without a 'data' directory
Flavors: r-devel-linux-x86_64-debian-clang, r-devel-linux-x86_64-debian-gcc, r-devel-linux-x86_64-fedora-clang, r-devel-linux-x86_64-fedora-gcc, r-devel-windows-x86_64, r-patched-linux-x86_64, r-release-linux-x86_64, r-release-macos-arm64, r-release-macos-x86_64, r-release-windows-x86_64, r-oldrel-macos-arm64, r-oldrel-macos-x86_64, r-oldrel-windows-ix86+x86_64